f 2503?
2503
What are the prime factors of 1133?
11, 103
What are the prime factors of 950?
2, 5, 19
What are the prime factors of 4456?
2, 557
What are the prime factors of 205?
5, 41
List the prime factors of 15162.
2, 3, 7, 19
What are the prime factors of 5369?
7, 13, 59
What are the prime factors of 886?
2, 443
List the prime factors of 46451.
46451
What are the prime factors of 127515?
3, 5, 8501
List the prime factors of 235.
5, 47
What are the prime factors of 9917?
47, 211
What are the prime factors of 1031?
1031
What are the prime factors of 15250?
2, 5, 61
List the prime factors of 1607.
1607
What are the prime factors of 980?
2, 5, 7
What are the prime factors of 6310?
2, 5, 631
What are the prime factors of 29545?
5, 19, 311
What are the prime factors of 153015?
3, 5, 101
What are the prime factors of 79358?
2, 39679
What are the prime factors of 19030?
2, 5, 11, 173
List the prime factors of 820.
2, 5, 41
List the prime factors of 2833.
2833
What are the prime factors of 130397?
19, 6863
What are the prime factors of 4069?
13, 313
List the prime factors of 59164.
2, 7, 2113
What are the prime factors of 133309?
11, 12119
List the prime factors of 3632.
2, 227
List the prime factors of 5641.
5641
List the prime factors of 4816.
2, 7, 43
What are the prime factors of 73037?
73037
What are the prime factors of 14710?
2, 5, 1471
What are the prime factors of 137?
137
What are the prime factors of 1237?
1237
List the prime factors of 18471.
3, 47, 131
List the prime factors of 3943.
3943
What are the prime factors of 1094?
2, 547
List the prime factors of 67717.
13, 5209
List the prime factors of 2675.
5, 107
List the prime factors of 143828.
2, 41, 877
What are the prime factors of 1388?
2, 347
List the prime factors of 4866.
2, 3, 811
List the prime factors of 51391.
17, 3023
List the prime factors of 110742.
2, 3, 18457
What are the prime factors of 11013?
3, 3671
List the prime factors of 23924.
2, 5981
What are the prime factors of 6224?
2, 389
List the prime factors of 10784.
2, 337
List the prime factors of 908.
2, 227
List the prime factors of 6059.
73, 83
List the prime factors of 8920.
2, 5, 223
What are the prime factors of 500?
2, 5
What are the prime factors of 2257?
37, 61
What are the prime factors of 31485?
3, 5, 2099
What are the prime factors of 21969?
3, 2441
What are the prime factors of 4134?
2, 3, 13, 53
List the prime factors of 584.
2, 73
What are the prime factors of 1821?
3, 607
List the prime factors of 385.
5, 7, 11
What are the prime factors of 5157?
3, 191
What are the prime factors of 55?
5, 11
What are the prime factors of 2179?
2179
List the prime factors of 131108.
2, 73, 449
List the prime factors of 1705.
5, 11, 31
What are the prime factors of 717?
3, 239
What are the prime factors of 6310?
2, 5, 631
What are the prime factors of 1183?
7, 13
List the prime factors of 10223.
10223
What are the prime factors of 3201?
3, 11, 97
What are the prime factors of 1303?
1303
List the prime factors of 914.
2, 457
What are the prime factors of 16087?
16087
List the prime factors of 804.
2, 3, 67
What are the prime factors of 3999?
3, 31, 43
What are the prime factors of 5205?
3, 5, 347
What are the prime factors of 8020?
2, 5, 401
What are the prime factors of 23360?
2, 5, 73
List the prime factors of 37042.
2, 18521
What are the prime factors of 1022?
2, 7, 73
List the prime factors of 367.
367
List the prime factors of 32536.
2, 7, 83
List the prime factors of 7554.
2, 3, 1259
What are the prime factors of 86487?
3, 127, 227
What are the prime factors of 17129?
7, 2447
What are the prime factors of 56515?
5, 89, 127
What are the prime factors of 607?
607
List the prime factors of 2987.
29, 103
List the prime factors of 485.
5, 97
What are the prime factors of 20913?
3, 6971
List the prime factors of 6975.
3, 5, 31
What are the prime factors of 1020?
2, 3, 5, 17
What are the prime factors of 111790?
2, 5, 7, 1597
List the prime factors of 36725.
5, 13, 113
What are the prime factors of 21125?
5, 13
List the prime factors of 108044.
2, 27011
What are the prime factors of 85972?
2, 21493
What are the prime factors of 13699?
7, 19, 103
What are the prime factors of 74820?
2, 3, 5, 29, 43
List the prime factors of 14859.
3, 13, 127
What are the prime factors of 852?
2, 3, 71
List the prime factors of 925.
5, 37
List the prime factors of 10732.
2, 2683
List the prime factors of 114469.
113, 1013
List the prime factors of 196484.
2, 49121
List the prime factors of 1649.
17, 97
What are the prime factors of 47?
47
List the prime factors of 885.
3, 5, 59
What are the prime factors of 742?
2, 7, 53
List the prime factors of 9161.
9161
What are the prime factors of 7930?
2, 5, 13, 61
List the prime factors of 6858.
2, 3, 127
What are the prime factors of 50559?
3, 19, 887
What are the prime factors of 28170?
2, 3, 5, 313
List the prime factors of 1274.
2, 7, 13
What are the prime factors of 114491?
13, 8807
What are the prime factors of 702?
2, 3, 13
List the prime factors of 111905.
5, 22381
List the prime factors of 5482.
2, 2741
What are the prime factors of 10473?
3, 3491
What are the prime factors of 51061?
51061
What are the prime factors of 139003?
229, 607
List the prime factors of 3120.
2, 3, 5, 13
What are the prime factors of 363?
3, 11
List the prime factors of 203.
7, 29
List the prime factors of 24887.
41, 607
What are the prime factors of 80273?
80273
What are the prime factors of 3535?
5, 7, 101
List the prime factors of 17032.
2, 2129
What are the prime factors of 5082?
2, 3, 7, 11
What are the prime factors of 741?
3, 13, 19
What are the prime factors of 15589?
7, 17, 131
List the prime factors of 3125.
5
List the prime factors of 9103.
9103
What are the prime factors of 686?
2, 7
What are the prime factors of 4454?
2, 17, 131
What are the prime factors of 202742?
2, 17, 67, 89
What are the prime factors of 750?
2, 3, 5
List the prime factors of 202.
2, 101
What are the prime factors of 2888?
2, 19
List the prime factors of 519.
3, 173
List the prime factors of 184583.
7, 3767
What are the prime factors of 164?
2, 41
What are the prime factors of 3884?
2, 971
List the prime factors of 1502.
2, 751
What are the prime factors of 881?
881
What are the prime factors of 43210?
2, 5, 29, 149
What are the prime factors of 103?
103
What are the prime factors of 133?
7, 19
List the prime factors of 268.
2, 67
What are the prime factors of 81644?
2, 20411
List the prime factors of 60649.
60649
What are the prime factors of 737?
11, 67
List the prime factors of 25998.
2, 3, 7, 619
List the prime factors of 12810.
2, 3, 5, 7, 61
What are the prime factors of 57644?
2, 14411
What are the prime factors of 128?
2
What are the prime factors of 19831?
7, 2833
List the prime factors of 127721.
11, 17, 683
What are the prime factors of 848?
2, 53
List the prime factors of 5059.
5059
List the prime factors of 722.
2, 19
List the prime factors of 38472.
2, 3, 7, 229
What are the prime factors of 1277?
1277
What are the prime factors of 17650?
2, 5, 353
List the prime factors of 129.
3, 43
What are the prime factors of 235?
5, 47
What are the prime factors of 3311?
7, 11, 43
List the prime factors of 3207.
3, 1069
List the prime factors of 28015.
5, 13, 431
List the prime factors of 44223.
3, 14741
What are the prime factors of 1585?
5, 317
List the prime factors of 3581.
3581
What are the prime factors of 326?
2, 163
What are the prime factors of 581?
7, 83
List the prime factors of 2234.
2, 1117
List the prime factors of 5030.
2, 5, 503
What are the prime factors of 28697?
28697
What are the prime factors of 477?
3, 53
List the prime factors of 1399.
1399
List the prime factors of 2761.
11, 251
List the prime factors of 10828.
2, 2707
List the prime factors of 4208.
2, 263
What are the prime factors of 6238?
2, 3119
What are the prime factors of 46808?
2, 5851
List the prime factors of 3966.
2, 3, 661
What are the prime factors of 2445?
3, 5, 163
List the prime factors of 8844.
2, 3, 11, 67
List the prime factors of 356.
2, 89
What are the prime factors of 652?
2, 163
What are the prime factors of 1517?
37, 41
What are the prime factors of 9308?
2, 13, 179
What are the prime factors of 1359?
3, 151
List the prime fa